
	{"id":5,"date":"2017-09-26T13:57:46","date_gmt":"2017-09-26T13:57:46","guid":{"rendered":"https:\/\/hashtag.org.pt\/design2018\/?page_id=5"},"modified":"2018-04-18T17:54:25","modified_gmt":"2018-04-18T17:54:25","slug":"hashtag","status":"publish","type":"page","link":"https:\/\/hashtag.org.pt\/design2018\/","title":{"rendered":"Hashtag"},"content":{"rendered":"<div style=\"columns:2;\">\n<p>Abril \u00e9 sin\u00f3nimo de Design. \u00c9 por isso que o Hashtag Design 2018 pretende continuar a celebrar a criatividade, desta vez lado a lado com a tipografia, a letra, a palavra, o livro e a imprensa.\u00a0Mais do que o desenho de uma letra, a tipografia \u00e9 respons\u00e1vel pela transmiss\u00e3o de mensagens e conceitos. Em destaque ou de forma subliminar, carrega mensagens nucleares ou nonsense, tem fun\u00e7\u00e3o de informa\u00e7\u00e3o ou entretenimento.<\/p>\n<p>\u00c9 democr\u00e1tica e ecl\u00e9tica, n\u00e3o tem forma nem dimens\u00e3o, tem apenas impacto. Com ou sem serifa, em caixa alta ou baixa, bold ou regular, g\u00f3tica, redonda, contempor\u00e2nea e at\u00e9 digital, a letra e a forma\u00e7\u00e3o de palavras s\u00e3o indispens\u00e1veis na compreens\u00e3o da mensagem escrita e emocional gerada pelo design.<\/p>\n<p>CELEBRA O DESIGN E A CRIATIVIDADE. HASHTAGA VIANA!<\/p>\n<\/div>\n","protected":false},"excerpt":{"rendered":"<p>Abril \u00e9 sin\u00f3nimo de Design. \u00c9 por isso que o Hashtag Design 2018 pretende continuar a celebrar a criatividade, desta vez lado a lado com a tipografia, a letra, a palavra, o livro e a imprensa.\u00a0Mais do que o desenho de uma letra, a tipografia \u00e9 respons\u00e1vel pela transmiss\u00e3o de mensagens e conceitos. Em destaque [&hellip;]<\/p>\n","protected":false},"author":1,"featured_media":0,"parent":0,"menu_order":0,"comment_status":"closed","ping_status":"closed","template":"template-home.php","meta":{"footnotes":""},"class_list":["post-5","page","type-page","status-publish","hentry"],"_links":{"self":[{"href":"https:\/\/hashtag.org.pt\/design2018\/wp-json\/wp\/v2\/pages\/5","targetHints":{"allow":["GET"]}}],"collection":[{"href":"https:\/\/hashtag.org.pt\/design2018\/wp-json\/wp\/v2\/pages"}],"about":[{"href":"https:\/\/hashtag.org.pt\/design2018\/wp-json\/wp\/v2\/types\/page"}],"author":[{"embeddable":true,"href":"https:\/\/hashtag.org.pt\/design2018\/wp-json\/wp\/v2\/users\/1"}],"replies":[{"embeddable":true,"href":"https:\/\/hashtag.org.pt\/design2018\/wp-json\/wp\/v2\/comments?post=5"}],"version-history":[{"count":60,"href":"https:\/\/hashtag.org.pt\/design2018\/wp-json\/wp\/v2\/pages\/5\/revisions"}],"predecessor-version":[{"id":234,"href":"https:\/\/hashtag.org.pt\/design2018\/wp-json\/wp\/v2\/pages\/5\/revisions\/234"}],"wp:attachment":[{"href":"https:\/\/hashtag.org.pt\/design2018\/wp-json\/wp\/v2\/media?parent=5"}],"curies":[{"name":"wp","href":"https:\/\/api.w.org\/{rel}","templated":true}]}}