
	{"id":5,"date":"2017-09-26T13:57:46","date_gmt":"2017-09-26T13:57:46","guid":{"rendered":"https:\/\/hashtag.org.pt\/vision\/?page_id=5"},"modified":"2017-11-20T21:58:28","modified_gmt":"2017-11-20T21:58:28","slug":"hashtag","status":"publish","type":"page","link":"https:\/\/hashtag.org.pt\/vision\/","title":{"rendered":"Hashtag"},"content":{"rendered":"<div class=\"col-sm-6 p-all\">\n<p>Ap\u00f3s uma das maiores crises financeiras da hist\u00f3ria em Portugal \u2013 onde o seu impacto se fez sentir para al\u00e9m do setor financeiro, afetando a economia real e a vida de milh\u00f5es de pessoas \u2013 assiste-se \u00e0 inevit\u00e1vel gera\u00e7\u00e3o de uma nova realidade socioecon\u00f3mica que impulsiona a procura de novas solu\u00e7\u00f5es e dire\u00e7\u00f5es, consideradas fundamentais para a constru\u00e7\u00e3o de uma economia do futuro mais sustent\u00e1vel.<\/p>\n<\/div>\n<div class=\"col-sm-6 p-all\">\n<p>Na 3\u00aa edi\u00e7\u00e3o do Hashtag pretendemos debater quest\u00f5es como: quais as bases que suportam a economia do futuro? Quais os fatores cruciais para o sucesso empresarial numa empresa do futuro? Qual o papel da sociedade em geral e do tecido empresarial em particular no \u201cfuturo das pessoas sem futuro\u201d, nomeadamente na integra\u00e7\u00e3o de popula\u00e7\u00f5es marginalizadas que foram, em certa medida, as v\u00edtimas vis\u00edveis da crise.<\/p>\n<p><a style=\"color: #2d3588;\" href=\"https:\/\/docs.google.com\/forms\/d\/1kZiid-mCkoIs2xEWGTRfe87lf_mjbzxHzYU9iy723eo\" target=\"_blank\" rel=\"noopener\"><strong>INSCRI\u00c7\u00d5ES<\/strong><\/a><\/p>\n<p><em>Solicite o Certificado de participa\u00e7\u00e3o.<\/em><\/p>\n<\/div>\n","protected":false},"excerpt":{"rendered":"<p>Ap\u00f3s uma das maiores crises financeiras da hist\u00f3ria em Portugal \u2013 onde o seu impacto se fez sentir para al\u00e9m do setor financeiro, afetando a economia real e a vida de milh\u00f5es de pessoas \u2013 assiste-se \u00e0 inevit\u00e1vel gera\u00e7\u00e3o de uma nova realidade socioecon\u00f3mica que impulsiona a procura de novas solu\u00e7\u00f5es e dire\u00e7\u00f5es, consideradas fundamentais [&hellip;]<\/p>\n","protected":false},"author":1,"featured_media":0,"parent":0,"menu_order":0,"comment_status":"closed","ping_status":"closed","template":"template-home.php","meta":{"footnotes":""},"class_list":["post-5","page","type-page","status-publish","hentry"],"_links":{"self":[{"href":"https:\/\/hashtag.org.pt\/vision\/wp-json\/wp\/v2\/pages\/5","targetHints":{"allow":["GET"]}}],"collection":[{"href":"https:\/\/hashtag.org.pt\/vision\/wp-json\/wp\/v2\/pages"}],"about":[{"href":"https:\/\/hashtag.org.pt\/vision\/wp-json\/wp\/v2\/types\/page"}],"author":[{"embeddable":true,"href":"https:\/\/hashtag.org.pt\/vision\/wp-json\/wp\/v2\/users\/1"}],"replies":[{"embeddable":true,"href":"https:\/\/hashtag.org.pt\/vision\/wp-json\/wp\/v2\/comments?post=5"}],"version-history":[{"count":26,"href":"https:\/\/hashtag.org.pt\/vision\/wp-json\/wp\/v2\/pages\/5\/revisions"}],"predecessor-version":[{"id":136,"href":"https:\/\/hashtag.org.pt\/vision\/wp-json\/wp\/v2\/pages\/5\/revisions\/136"}],"wp:attachment":[{"href":"https:\/\/hashtag.org.pt\/vision\/wp-json\/wp\/v2\/media?parent=5"}],"curies":[{"name":"wp","href":"https:\/\/api.w.org\/{rel}","templated":true}]}}